s the value of 19 - (-20 + 25 + 19 + -14 - 88)?
97
Calculate 59 - (-38 - -84) - (25 - 4).
-8
Calculate 6 - (-13 - -27) - -4 - (-5 + 1 + 58).
-58
What is 21 + (25 - -70) + -110?
6
What is the value of -80 - (20 - (-46 + 74))?
-72
(0 - -24 - ((148 - 96) + -64)) + (-1 - -3)
38
What is -6 - 8 - (-29 + -1 - (-129 + 109))?
-4
What is 42 - (-55 - -11 - -17)?
69
What is the value of (11 - 0) + 0 - (42 - 38) - (29 + 1)?
-23
Calculate -57 - (3 + -85 - 6).
31
Evaluate 4 + -4 + 8 - (16 - 12 - -7) - 44.
-47
(60 - -17) + -44 + (2 - 5) - -9
39
Calculate 43 + -26 + -34 + 37 + -142 + -1.
-123
What is 54 + (-238 - -159 - -1)?
-24
What is the value of 33 - 3 - 21 - (-5 - (-3 - -4) - -2)?
13
What is (-5038 - -4988) + -1 + 60?
9
What is the value of 31 + -2 + -1 + (247 - 395) + 147?
27
(-48 - (-56 + 46)) + -4
-42
What is 67 + -4 + (-15 - -8 - 4) + 22?
74
What is -152 + 147 + -133 - -259?
121
Evaluate -438 - -435 - (-53 + (-4 - -3) + 0 - 0).
51
What is -17 - ((9 - (9 - -8)) + 1 + (1 - -10))?
-21
(-8 - 12) + 14 + 3 + 7 - -12
16
Evaluate -42 - (-7 + -1 + 10 + 7 + -3 - 11).
-37
Evaluate -37 + -7 + 20 + -23 + 2 + 15 + -10.
-40
What is (30 - (-3 - -95)) + (-27 - -14)?
-75
What is the value of 22 + -6 + 25 + -19?
22
Evaluate -19 + (2 - (-5 - -1 - (-7 + -3))).
-23
Evaluate 17 + (37 - -44) + -93.
5
423 - 448 - (50 + -12)
-63
What is 1 + -36 + (-10 - (-34 + (5 - (6 + -16))))?
-26
Evaluate -32 - -48 - (-8 + 24 - -4).
-4
Calculate -79 + (3 - 0 - 8) + 12 + (54 - 73).
-91
Calculate (-8 - (-6 + 0) - (49 - 137)) + -4.
82
Evaluate 0 - 9 - (-34 - (-68 - (-22 + -30))).
9
What is the value of (52 - 1) + (240 - 200) + -46?
45
-1 + 14 - (157 - 119)
-25
Evaluate -3 + 2 + (-74 - 1) - (-350778 - -350795).
-93
179 - 68 - 140 - (2 + 43)
-74
What is (14 - (-29 + 83)) + (3 + -9 - (-13 - 5))?
-28
What is the value of (1 - -64) + (13 - 2) + -16 + (-323 - -332)?
69
-1653 - -1693 - (23 - (2 + -4))
15
What is the value of 140 + 35 + -141 + (2 - 17)?
19
Evaluate (26 - 25 - -52) + -3 + (-3 - 1) + 1.
47
Calculate 51 - (-541 + 528 + (2 + -4 - 5)).
71
Evaluate (-125 - -174) + 14 + 1 - 22.
42
Calculate -58 + -71 + 71 - -69.
11
What is the value of (420 - 418) + (0 - -1)?
3
What is the value of -2 + 5 + -3 + (-1 + 40 - (318 - 300))?
21
What is (170 + -171 - (0 - 4) - 19) + 38?
22
What is 26 + 0 - (42 - (130 + -76))?
38
Evaluate (17 + -9 + -5 - 86) + -21 + (20 - 10).
-94
Calculate (-20 - -17 - 8) + (-5 - (18 + -35)).
1
Evaluate -50 + (-26 - (5 - 14) - (12 + -27)).
-52
Evaluate 30 + (61 - -45) + -73.
63
What is the value of 7 + 78 + (-727 - -732)?
90
116 + 4 + (-11 + -5 - (21 + -39) - 3)
119
(124 - -2) + (-11 - (-7 + (-12 - -26)))
108
What is the value of (72 - (15 - -10)) + -2 + -12?
33
What is the value of -26 + (2 - 18 - -10) + -24?
-56
What is 2 - -78 - (2747 - 2641)?
-26
Evaluate -4 + -37 + (51 - 33).
-23
What is 11 + (15 - (-15 + 45 + -13) - (9 - -1))?
-1
Calculate (2543 - 2605) + -6 + 0.
-68
Calculate (-26 + 169 - 18) + -61 + 28.
92
(122 - 100) + (16 - (81 + 3))
-46
What is the value of (-33 - -1 - (269 + -289)) + 32?
20
Calculate (3 - (-20 + 30)) + (-20 - -16).
-11
Calculate (-18 - (45 - 120)) + 3 + -23.
37
Evaluate 65 + 33 + 93 + -103.
88
What is the value of -1 + 5 + 2 + -2 + -11 + (-208 - -248)?
33
Evaluate -7441 + 7538 - (1 - 16).
112
What is the value of -16 - -1 - (-76 + 83 - 96)?
74
Evaluate 105 + 62 + -158 - 48.
-39
What is 95 - (41 + (-42 - -35))?
61
What is the value of 11 + -1 + (-1282 - -1326) + 4 + -2?
56
Calculate -86 + (1 - 0 - (-38 - -50) - (147 - 154)).
-90
What is the value of -40 + -6 - (1057 + -1043)?
-60
What is the value of -1 + 1 - (2371 + -2383)?
12
(50 - (1 - 2 - (4 + -2 + -8))) + -4
41
Calculate 6 + (-14 + 14 + 5 - (-1 + -4 + 7)).
9
-1671 + 1717 + 0 + -4 + -9
33
What is the value of (-3 - (11 + -4)) + (17 - -39) - (0 - 6)?
52
(-36 - -44) + -24 - 11 - 79
-106
Evaluate 2 - (-119 + 120) - 10.
-9
Evaluate -1 + -4 + 38 + -47 + 39 + -17.
8
-84 - ((-5 - 11 - -8) + (0 - (10 - 8)))
-74
What is the value of (3 - 3) + -11 - ((0 - -4) + (85 - 101))?
1
27 + -27 + 62 + -47
15
402 + -420 + -1 + 1 + 21 - -87
90
What is the value of (-13 - (14 + -36)) + -22 + 25?
12
What is 133 + -120 + 15 + -1?
27
Calculate (1 - (2 - 15)) + 8 - (-5 + 5 + 4).
18
What is -49 - (-62 - -12) - (-4 - -4 - 6)?
7
What is the value of -2 - (26 + 0) - (994 - 1014)?
-8
What is 192 - (108 - -126 - 104)?
62
24 - 13 - ((-2 + (5 - -2) - 10) + -57)
73
Calculate -9 - 38 - (8 - (-21 - -34)).
-42
Evaluate -3 + -16 + (-34 - (72 - 109)).
-16
Evaluate -16 - (4 + -13 + -11 + (19 - 3)).
-12
22 + (-5 + -21 - -46)
42
Evaluate 19 - (1 + (-2 - (74 + (-10 - 7)))).
77
What is 42 + (6 - 10) + -1 + (10 - (17 + -2))?
32
Calculate -17 + (124 - 27) + -18.
62
Evaluate (-132 - 3) + (31 + -49 + 21 - -6).
-126
What is -50 + (44 + -49 - -37)?
-18
-14 + -27 + (31 - 2)
-12
Calculate (172 - 92) + (0 - 52).
28
Evaluate -96 + -11 - -103 - (-3 + 2 + -12).
9
Evaluate -28 + 14 + 7 + (10 - 5).
-2
Evaluate 30 + -8 + 3 + -4 + 16.
37
Evaluate 32 + (-15 - 28) + -22.
-33
Evaluate -1 - 80 - (-303 - (176 + -442)).
-44
What is -4 - 0 - ((10 - -59) + -77) - 30?
-26
Evaluate 16 + 17 + -22 + 9.
20
What is the value of (48 - 14) + -3 + -27?
4
Evaluate -158 - -178 - (7 + -13).
26
Evaluate 178 + -4 - (126 - (203 + -106)).
145
What is the value of (3 - (-12 - -16)) + 9 + -49?
-41
(2 - 0) + 7 - (31 + -8 - (-56 - 36))
-106
Evaluate -20 + 12 + -17 - (12 - (-6 + 6)).
-37
82 - (4 + -9) - 94
-7
(108 - 101) + -6 + (-20 - (2 - 0)) + -8
-29
1 - ((54 - 100) + -7 + -1)
55
(-682 - -399) + 390 + (-4 - 0)
103
Calculate (-6 - (9 - (1 - -3))) + -7 + -62.
-80
What is the value of -7 + (88 - 5) - (-10 - (-9 - 11))?
66
What is the value of -3 + -1 + -2 + 14 - (-1058 + 1156)?
-90
Evaluate -21 + (20 - 20 - -12) + 12.
3
What is -1 + 5 + 404 + -401 + (24 - 4 - 3)?
24
Calculate (3 - (15 + -7)) + 16 + -16 + -68 + 1.
-72
Evaluate 5 + (-46 - -26) + 3 + (-2 - (6 + 1)).
-21
What is -106 + (-2 - (-1 + -2)) + -53837 + 53833?
-109
Evaluate -12 + (416 - 442) + (-15 + 0 - -2) + -1.
-52
Calculate (-61 - -30) + 53 + 17 - 119.
-80
What is the value of 23 + -144 - (775 - 832)?
-64
Calculate (-23 - -21 - (8 - -1)) + -3 + -3 + 12.
-5
What is -40 + -3 + -131 + 265 + -144?
-53
Evaluate 0 + 63 - (252 + -235).
46
What is (-177 - -165) + -14 + -5 + 0?
-31
What is the value of 12 - 26 - -57 - (8 - ((-2 - 1) + 16))?
48
What is (-8 - 0) + (-12 + 80 - 33) + 9?
36
What is 96 - 0 - (323 - 273)?
46
What is the value of -7 - (-34 - (4 + 17 + (-7 - -9)))?
50
Calculate 4 + -9 + -14 + (-87 - (-42 + -55)).
-9
What is 40 + -3 + -1105 + 1037?
-31
What is -346 - -283 - (4 - (18 - 0))?
-49
What is the value of -35 + (28 + -5 - 0) + (-6 - 2)?
-20
Evaluate -34 + 0 + 18 + -9 + (-1 - (-3 + 9)).
-32
Calculate 14 - (21 - (8 - (-54 + -6))).
61
What is 12 + (-18 + -3 - -17 - (30 + 0))?
-22
Calculate (9 - -8) + 8 + (24 - 20).
29
Calculate (-161 - -15) + 104 - 18.
-60
Evaluate -25 - 1 - (72 - (-41 + 78)).
-61
-35 - (43 - 60) - (-6 + -1)
-11
1 + (-5 - (-7 - (2 - (5 - -8))))
-8
17 + (3 - (43 - 23))
0
20 - -1 - (-65 - (-235 - (-58 + 8)))
-99
Calculate 35 - (11 - (-13 - (-2 - 1) - -9)).
23
Calculate (8 - -5) + -7 + -8 + -109.
-111
-38 - (-112 - -88) - -53
39
(2 - 7) + 14 - 6 - (-89 + 185)
-93
19 + (41 - 17 - 28)
15
What is the value of 0 + -9 - ((-24 - (35 + -43)) + -7)?
14
What is 48 + (-80 - -28 - -22)?
18
Evaluate 0 - (-7 - -6) - (-28 + 1) - (-785 + 784).
29
What is the value of 51 + -78 + 18 + 20 - (0 + 14 - 0)?
-3
What is -75 - (-100 - -48) - 9?
-32
27 + 20 + (-29 - -16 - -25)
59
Calculate (6 - (-54 - (20 + 9)) - (1 - 6)) + -2.
92
Evaluate 8 + 11 - (-29 + 47 + 14).
-13
What is the value of (4 - -6) + (61 + -82 - (-40 - -6))?
23
What is (3 + -13 + (149 - 156) - -5) + -7 + 1?
-18
Evaluate 87 - 164 - (-14 - 88).
25
Evaluate -15 + (17 + -27 - -36).
11
Evaluate 15 - (21 + 32) - 8.
-46
What is the value of (-101 - -1) + (-20 + 21 - (-16 + 18))?
-101
What is (-35 - -1) + 720 + -692?
-6
Evaluate (-196 - (-33 - 55)) + 68.
-40
What is -3 - 5 - (-31 + -7 + 26)?
4
What is 1340 - 1344 - (2 - -1 - (-5 + -5))?
-17
Calculate -29 + 26 + -6 + 7 + (10 - 5) + -30.
-27
What is the value of -9 - (26 + -24 - (21 + 2))?
12
What is 36 + (24 - (69 + -18)) - -32?
41
Evaluate (-316 - -290) + (41 - (-8 + 7)).
16
Calculate (7 - 9) + -6 + -42 + 26.
-24
0 - (-12 